, 103
What are the prime factors of 3215?
5, 643
List the prime factors of 3935.
5, 787
List the prime factors of 29244.
2, 3, 2437
List the prime factors of 3055.
5, 13, 47
List the prime factors of 2115.
3, 5, 47
What are the prime factors of 1340?
2, 5, 67
What are the prime factors of 15012?
2, 3, 139
List the prime factors of 28624.
2, 1789
List the prime factors of 65868.
2, 3, 11, 499
List the prime factors of 9540.
2, 3, 5, 53
List the prime factors of 6282.
2, 3, 349
What are the prime factors of 964?
2, 241
List the prime factors of 816.
2, 3, 17
What are the prime factors of 15530?
2, 5, 1553
What are the prime factors of 844?
2, 211
List the prime factors of 8401.
31, 271
What are the prime factors of 30930?
2, 3, 5, 1031
What are the prime factors of 15653?
11, 1423
What are the prime factors of 66700?
2, 5, 23, 29
List the prime factors of 8952.
2, 3, 373
List the prime factors of 107438.
2, 53719
What are the prime factors of 7899?
3, 2633
List the prime factors of 1323.
3, 7
What are the prime factors of 450?
2, 3, 5
What are the prime factors of 19660?
2, 5, 983
List the prime factors of 20901.
3, 6967
List the prime factors of 104.
2, 13
List the prime factors of 1099.
7, 157
List the prime factors of 8046.
2, 3, 149
What are the prime factors of 54?
2, 3
List the prime factors of 15370.
2, 5, 29, 53
List the prime factors of 107133.
3, 13, 41, 67
List the prime factors of 10163.
10163
What are the prime factors of 95112?
2, 3, 1321
List the prime factors of 985.
5, 197
List the prime factors of 1570.
2, 5, 157
What are the prime factors of 2298?
2, 3, 383
What are the prime factors of 711?
3, 79
What are the prime factors of 10815?
3, 5, 7, 103
What are the prime factors of 4398?
2, 3, 733
List the prime factors of 15566.
2, 43, 181
List the prime factors of 22525.
5, 17, 53
List the prime factors of 36028.
2, 9007
List the prime factors of 433.
433
List the prime factors of 2873.
13, 17
What are the prime factors of 834?
2, 3, 139
What are the prime factors of 22238?
2, 11119
List the prime factors of 1308.
2, 3, 109
List the prime factors of 3742.
2, 1871
What are the prime factors of 5275?
5, 211
List the prime factors of 19539.
3, 13, 167
What are the prime factors of 2636?
2, 659
List the prime factors of 1843.
19, 97
List the prime factors of 493.
17, 29
What are the prime factors of 127?
127
List the prime factors of 20703.
3, 67, 103
What are the prime factors of 9263?
59, 157
List the prime factors of 13753.
17, 809
List the prime factors of 12578.
2, 19, 331
List the prime factors of 3043.
17, 179
List the prime factors of 1746.
2, 3, 97
List the prime factors of 13846.
2, 7, 23, 43
List the prime factors of 62388.
2, 3, 1733
List the prime factors of 5099.
5099
What are the prime factors of 4481?
4481
What are the prime factors of 51194?
2, 11, 13, 179
What are the prime factors of 5237?
5237
List the prime factors of 1770.
2, 3, 5, 59
List the prime factors of 173.
173
What are the prime factors of 1488?
2, 3, 31
What are the prime factors of 1386?
2, 3, 7, 11
What are the prime factors of 2411?
2411
What are the prime factors of 945?
3, 5, 7
What are the prime factors of 3928?
2, 491
What are the prime factors of 1046?
2, 523
List the prime factors of 13165.
5, 2633
What are the prime factors of 44733?
3, 13, 31, 37
List the prime factors of 13441.
13441
What are the prime factors of 107?
107
List the prime factors of 26.
2, 13
List the prime factors of 87.
3, 29
What are the prime factors of 11471?
11471
What are the prime factors of 8099?
7, 13, 89
What are the prime factors of 42180?
2, 3, 5, 19, 37
What are the prime factors of 3?
3
What are the prime factors of 1411?
17, 83
List the prime factors of 11865.
3, 5, 7, 113
What are the prime factors of 1659?
3, 7, 79
What are the prime factors of 33050?
2, 5, 661
List the prime factors of 6318.
2, 3, 13
List the prime factors of 35089.
35089
List the prime factors of 418.
2, 11, 19
What are the prime factors of 662?
2, 331
List the prime factors of 1909.
23, 83
What are the prime factors of 34?
2, 17
What are the prime factors of 2464?
2, 7, 11
What are the prime factors of 4425?
3, 5, 59
What are the prime factors of 1948?
2, 487
List the prime factors of 2626.
2, 13, 101
What are the prime factors of 3254?
2, 1627
List the prime factors of 48617.
61, 797
List the prime factors of 2861.
2861
What are the prime factors of 202?
2, 101
List the prime factors of 6267.
3, 2089
What are the prime factors of 16438?
2, 8219
What are the prime factors of 908?
2, 227
List the prime factors of 116342.
2, 58171
What are the prime factors of 30118?
2, 11, 37
What are the prime factors of 46555?
5, 9311
List the prime factors of 84591.
3, 13, 241
List the prime factors of 847.
7, 11
What are the prime factors of 49339?
49339
List the prime factors of 814.
2, 11, 37
What are the prime factors of 72869?
72869
List the prime factors of 7221.
3, 29, 83
List the prime factors of 12306.
2, 3, 7, 293
What are the prime factors of 1748?
2, 19, 23
What are the prime factors of 63753?
3, 79, 269
What are the prime factors of 2608?
2, 163
List the prime factors of 19271.
7, 2753
What are the prime factors of 24234?
2, 3, 7, 577
List the prime factors of 40222.
2, 7, 13, 17
List the prime factors of 1363.
29, 47
What are the prime factors of 4579?
19, 241
List the prime factors of 6416.
2, 401
List the prime factors of 2938.
2, 13, 113
What are the prime factors of 202665?
3, 5, 59, 229
List the prime factors of 28957.
23, 1259
What are the prime factors of 514?
2, 257
List the prime factors of 44713.
61, 733
What are the prime factors of 1124?
2, 281
List the prime factors of 940.
2, 5, 47
What are the prime factors of 5253?
3, 17, 103
List the prime factors of 3612.
2, 3, 7, 43
What are the prime factors of 10407?
3, 3469
List the prime factors of 92.
2, 23
List the prime factors of 3829.
7, 547
List the prime factors of 1159.
19, 61
List the prime factors of 50129.
50129
What are the prime factors of 11744?
2, 367
List the prime factors of 39788.
2, 7, 29
What are the prime factors of 1633?
23, 71
What are the prime factors of 2397?
3, 17, 47
What are the prime factors of 13144?
2, 31, 53
List the prime factors of 1120.
2, 5, 7
List the prime factors of 21387.
3, 7129
What are the prime factors of 21360?
2, 3, 5, 89
List the prime factors of 100238.
2, 50119
What are the prime factors of 1912?
2, 239
What are the prime factors of 4929?
3, 31, 53
What are the prime factors of 1186?
2, 593
List the prime factors of 1886.
2, 23, 41
What are the prime factors of 145?
5, 29
List the prime factors of 17234.
2, 7, 1231
What are the prime factors of 10155?
3, 5, 677
What are the prime factors of 36168?
2, 3, 11, 137
What are the prime factors of 9537?
3, 11, 17
What are the prime factors of 281?
281
List the prime factors of 22014.
2, 3, 1223
What are the prime factors of 21836?
2, 53, 103
List the prime factors of 1440.
2, 3, 5
What are the prime factors of 69556?
2, 17389
What are the prime factors of 930?
2, 3, 5, 31
What are the prime factors of 75?
3, 5
List the prime factors of 3007.
31, 97
What are the prime factors of 24454?
2, 12227
What are the prime factors of 359?
359
What are the prime factors of 92617?
7, 101, 131
List the prime factors of 277.
277
List the prime factors of 5280.
2, 3, 5, 11
List the prime factors of 1089.
3, 11
What are the prime factors of 67315?
5, 13463
List the prime factors of 376.
2, 47
List the prime factors of 1186.
2, 593
What are the prime factors of 14207?
14207
List the prime factors of 409.
409
What are the prime factors of 4933?
4933
What are the prime factors of 19330?
2, 5, 1933
What are the prime factors of 1490?
2, 5, 149
List the prime factors of 6212.
2, 1553
What are the prime factors of 15076?
2, 3769
What are the prime factors of 5204?
2, 1301
What are the prime factors of 50162?
2, 7, 3583
List the prime factors of 387.
3, 43
What are the prime factors of 1408?
2, 11
What are the prime factors of 44971?
44971
What are the prime factors of 48590?
2, 5, 43, 113
List the prime factors of 58412.
2, 17, 859
What are the prime factors of 1072?
2, 67
List the prime factors of 1735.
5, 347
What are the prime factors of 16307?
23, 709
What